igit of 53631908?
3
What is the millions digit of 4275065801?
5
What is the millions digit of 296430722?
6
What is the units digit of 1342250148?
8
What is the ten millions digit of 3069850581?
6
What is the tens digit of 129445493?
9
What is the thousands digit of 62144791?
4
What is the thousands digit of 121448310?
8
What is the units digit of 7170537?
7
What is the ten millions digit of 68404453?
6
What is the billions digit of 2321430972?
2
What is the hundred millions digit of 185677850?
1
What is the hundred thousands digit of 206521358?
5
What is the hundred thousands digit of 780890342?
8
What is the ten millions digit of 456741634?
5
What is the units digit of 1475988203?
3
What is the hundred thousands digit of 907608256?
6
What is the thousands digit of 46107132?
7
What is the hundreds digit of 21899383?
3
What is the hundred millions digit of 7550366446?
5
What is the millions digit of 35013599?
5
What is the millions digit of 119903794?
9
What is the thousands digit of 109009026?
9
What is the hundreds digit of 4423298707?
7
What is the ten millions digit of 904898483?
0
What is the hundred thousands digit of 22750124?
7
What is the units digit of 260032165?
5
What is the ten millions digit of 250717008?
5
What is the units digit of 2022017774?
4
What is the millions digit of 14051644?
4
What is the thousands digit of 48601351?
1
What is the billions digit of 1806992013?
1
What is the ten thousands digit of 19785012?
8
What is the thousands digit of 1400650447?
0
What is the units digit of 149204282?
2
What is the thousands digit of 87297980?
7
What is the tens digit of 681328221?
2
What is the units digit of 8210208?
8
What is the millions digit of 65451875?
5
What is the billions digit of 2067408582?
2
What is the millions digit of 65109494?
5
What is the tens digit of 7450387?
8
What is the ten thousands digit of 4200898802?
9
What is the units digit of 80399043?
3
What is the ten thousands digit of 444341898?
4
What is the units digit of 99648914?
4
What is the units digit of 56371285?
5
What is the ten thousands digit of 405949555?
4
What is the millions digit of 1895099?
1
What is the hundred millions digit of 169596224?
1
What is the hundred thousands digit of 1496806807?
8
What is the hundreds digit of 95213460?
4
What is the ten millions digit of 144455232?
4
What is the millions digit of 103701379?
3
What is the hundreds digit of 5939607?
6
What is the millions digit of 3853499696?
3
What is the units digit of 229014976?
6
What is the units digit of 40722125?
5
What is the millions digit of 40301098?
0
What is the units digit of 675991873?
3
What is the ten thousands digit of 52145912?
4
What is the ten thousands digit of 121901734?
0
What is the ten thousands digit of 138168429?
6
What is the millions digit of 83801585?
3
What is the ten millions digit of 36665700?
3
What is the hundred millions digit of 149507423?
1
What is the thousands digit of 42694677?
4
What is the hundred thousands digit of 169077406?
0
What is the hundred millions digit of 685704637?
6
What is the ten thousands digit of 5851201575?
0
What is the ten thousands digit of 403156000?
5
What is the thousands digit of 561828379?
8
What is the ten millions digit of 136726228?
3
What is the tens digit of 477837614?
1
What is the ten thousands digit of 15124328?
2
What is the ten millions digit of 847807131?
4
What is the units digit of 31110670?
0
What is the units digit of 519015977?
7
What is the tens digit of 38318385?
8
What is the millions digit of 274682434?
4
What is the ten thousands digit of 2991847258?
4
What is the ten millions digit of 63000453?
6
What is the thousands digit of 6718487?
8
What is the hundred millions digit of 453255114?
4
What is the ten thousands digit of 2775726917?
2
What is the hundred thousands digit of 20382242?
3
What is the hundreds digit of 307925843?
8
What is the units digit of 273290660?
0
What is the billions digit of 3553111032?
3
What is the hundred thousands digit of 113929056?
9
What is the hundred thousands digit of 17898183?
8
What is the hundred thousands digit of 44591768?
5
What is the ten millions digit of 142470890?
4
What is the thousands digit of 289290148?
0
What is the hundreds digit of 180087554?
5
What is the hundreds digit of 47691146?
1
What is the ten thousands digit of 19054267?
5
What is the hundred thousands digit of 4597014?
5
What is the ten thousands digit of 12590004?
9
What is the units digit of 958010590?
0
What is the hundred millions digit of 128373522?
1
What is the hundreds digit of 1102325155?
1
What is the hundred thousands digit of 2233232374?
2
What is the units digit of 76841257?
7
What is the billions digit of 2743390055?
2
What is the units digit of 32582860?
0
What is the thousands digit of 499080796?
0
What is the thousands digit of 980197074?
7
What is the units digit of 158280075?
5
What is the ten millions digit of 82044397?
8
What is the hundreds digit of 58608442?
4
What is the ten thousands digit of 2005210562?
1
What is the hundreds digit of 2220762?
7
What is the hundred millions digit of 442314030?
4
What is the hundred thousands digit of 119344820?
3
What is the thousands digit of 8314095?
4
What is the ten millions digit of 215777884?
1
What is the hundreds digit of 397026133?
1
What is the hundreds digit of 1613923043?
0
What is the tens digit of 143188318?
1
What is the ten millions digit of 14363857?
1
What is the thousands digit of 335249496?
9
What is the hundred thousands digit of 665306228?
3
What is the thousands digit of 143707715?
7
What is the ten thousands digit of 677867813?
6
What is the hundred thousands digit of 23955017?
9
What is the hundreds digit of 1162701659?
6
What is the ten millions digit of 65441118?
6
What is the millions digit of 21514052?
1
What is the tens digit of 130564411?
1
What is the hundred millions digit of 2654663616?
6
What is the hundreds digit of 34128068?
0
What is the thousands digit of 48855931?
5
What is the billions digit of 1760873291?
1
What is the hundred millions digit of 161717338?
1
What is the units digit of 176948415?
5
What is the ten thousands digit of 74275298?
7
What is the ten millions digit of 2289574312?
8
What is the hundred millions digit of 310361867?
3
What is the ten thousands digit of 2810245134?
4
What is the hundred millions digit of 1051257766?
0
What is the millions digit of 52817683?
2
What is the millions digit of 100271222?
0
What is the units digit of 5719649585?
5
What is the thousands digit of 127881799?
1
What is the ten millions digit of 6033513095?
3
What is the ten thousands digit of 757693860?
9
What is the tens digit of 69264821?
2
What is the hundreds digit of 68327602?
6
What is the units digit of 2915752060?
0
What is the ten millions digit of 1396937000?
9
What is the thousands digit of 185983674?
3
What is the ten millions digit of 3878243892?
7
What is the tens digit of 30420717?
1
What is the hundreds digit of 4537643245?
2
What is the millions digit of 1717713203?
7
What is the ten millions digit of 64301622?
6
What is the billions digit of 1097255172?
1
What is the tens digit of 1694968411?
1
What is the ten thousands digit of 18896871?
9
What is the tens digit of 357064917?
1
What is the billions digit of 1175047218?
1
What is the units digit of 62438275?
5
What is the hundred thousands digit of 47866085?
8
What is the hundred thousands digit of 17058113?
0
What is the tens digit of 31654059?
5
What is the thousands digit of 141067574?
7
What is the millions digit of 895183054?
5
What is the thousands digit of 1106638487?
8
What is the millions digit of 1569453385?
9
What is the hundred millions digit of 522144680?
5
What is the tens digit of 5411035?
3
What is the units digit of 258715543?
3
What is the units digit of 196273841?
1
What is the units digit of 887456758?
8
What is the hundreds digit of 353259091?
0
What is the tens digit of 1525820605?
0
What is the millions digit of 42681323?
2
What is the tens digit of 1634385098?
9
What is the units digit of 84987150?
0
What is the hundred thousands digit of 5048794422?
7
What is the hundreds digit of 500192465?
4
What is the ten thousands digit of 792968188?
6
What is the thousands digit of 153508290?
8
What is